{"id":2,"date":"2021-06-08T19:28:46","date_gmt":"2021-06-08T19:28:46","guid":{"rendered":"https:\/\/eliteentretenimiento.com\/vende-en-elite\/?page_id=2"},"modified":"2021-06-19T09:55:45","modified_gmt":"2021-06-19T09:55:45","slug":"sample-page","status":"publish","type":"page","link":"https:\/\/eliteentretenimiento.com\/vende-en-elite\/","title":{"rendered":"Sample Page"},"content":{"rendered":"\n\n\t\t\t\t<img loading=\"lazy\" src=\"https:\/\/eliteentretenimiento.com\/vende-en-elite\/wp-content\/uploads\/2021\/06\/simbolo-comercial-de-interfaz-de-etiqueta-de-descuento-con-signo-de-porcentaje.png\" alt=\"simbolo-comercial-de-interfaz-de-etiqueta-de-descuento-con-signo-de-porcentaje\" itemprop=\"image\" height=\"1412\" width=\"1200\" title=\"simbolo-comercial-de-interfaz-de-etiqueta-de-descuento-con-signo-de-porcentaje\" onerror=\"this.style.display='none'\"  \/>\n<h2>\n\t\t\u00bfPor qu\u00e9 vender en Elite?\n\t<\/h2>\n\t\t\t\t<img loading=\"lazy\" src=\"https:\/\/eliteentretenimiento.com\/vende-en-elite\/wp-content\/uploads\/2021\/06\/elite-entretenimiento-logo-1622139384.jpg.png\" alt=\"elite-entretenimiento-logo-1622139384.jpg\" itemprop=\"image\" height=\"70\" width=\"70\" title=\"elite-entretenimiento-logo-1622139384.jpg\" onerror=\"this.style.display='none'\"  \/>\n\t<p><img loading=\"lazy\" src=\"https:\/\/eliteentretenimiento.com\/vende-en-elite\/wp-content\/uploads\/2021\/06\/cheque.png\" alt=\"\" width=\"39\" height=\"39\" \/> Respaldo de la reputaci\u00f3n y credibilidad de Elite Entretenimiento<\/p>\n<p><img loading=\"lazy\" src=\"https:\/\/eliteentretenimiento.com\/vende-en-elite\/wp-content\/uploads\/2021\/06\/cheque.png\" alt=\"\" width=\"39\" height=\"39\" \/> Manejo log\u00edstico, distribuci\u00f3n, despacho, pagos, servicio al cliente<\/p>\n<p><img loading=\"lazy\" src=\"https:\/\/eliteentretenimiento.com\/vende-en-elite\/wp-content\/uploads\/2021\/06\/cheque.png\" alt=\"\" width=\"39\" height=\"39\" \/> Marketing para tu empresa o producto, promoci\u00f3n en los banners de la p\u00e1gina y redes de Elite.<\/p>\n<p><img loading=\"lazy\" src=\"https:\/\/eliteentretenimiento.com\/vende-en-elite\/wp-content\/uploads\/2021\/06\/cheque.png\" alt=\"\" width=\"39\" height=\"39\" \/> Somos una vitrina para que m\u00e1s personas conozcan y compren tu producto<\/p>\n<p><img loading=\"lazy\" src=\"https:\/\/eliteentretenimiento.com\/vende-en-elite\/wp-content\/uploads\/2021\/06\/cheque.png\" alt=\"\" width=\"39\" height=\"39\" \/> Recibimos todos los medios de pago<\/p>\n\t\t\t<a href=\"#registro\" target=\"_self\" role=\"button\" rel=\"noopener\">\n\t\t\t\t\t\t\tRegistrate aqu\u00ed\n\t\t\t\t\t<\/a>\n\t<p>\u00a0<\/p>\n\n\t<p>\u00a0<\/p>\n<p>\u00bfC\u00f3mo funciona la alianza?\u00a0<\/p>\n\t<p>\u00a0<\/p>\n<p>1. Reg\u00edstrate y nosotros nos pondremos encontacto contigo<\/p>\n<p>2. Pres\u00e9ntanos tu producto\u00a0<\/p>\n<p>3. Env\u00edanos todos los documentos requeridos\u00a0<\/p>\n<p>4. Firma de contrato de distribuci\u00f3n y promoci\u00f3n de producto\u00a0<\/p>\n<p>5. Organizaci\u00f3n log\u00edstica y codificaci\u00f3n en bodega de Elite\u00a0<\/p>\n<p>6. Elite sube los productos a la tienda virtual\u00a0<\/p>\n<h2>\n\t\t\u00bfC\u00f3mo funciona la venta?\n\t<\/h2>\n\t<p>1.\u00a0Se genera venta\u00a0<\/p>\n\t<p>2.\u00a0Despachamos la orden<\/p>\n\t<p>3.\u00a0Factura\u00a0<\/p>\n\t<p>4.\u00a0\u00a1Recibe\u00a0tus pagos!\u00a0<\/p>\n<h2>\n\t\t\u00bfQu\u00e9 necesitas para vender en Elite?\n\t<\/h2>\n\t\n\t\n<p>\u00a0<\/p>\n\t\n<p>\u00a0<\/p>\n<h2>\n\t\t\u00bfQu\u00e9 documentos necesitas?\n\t<\/h2>\n\t<p>Si eres persona natural o empresa es importante que cuentes con esta documentaci\u00f3n para iniciar esta alianza y vender producto en nuestra tienda.<\/p>\n\t\n\t<ul>\n<li>Registro \u00fanico Tributario RUT\u00a0<em>(Expedido en los \u00faltimos 12 meses)<\/em><\/li>\n<li>C\u00e9dula de ciudadan\u00eda<\/li>\n<li>Certificaci\u00f3n bancaria\u00a0<em>(Vigencia menor 30 d\u00edas)<\/em><\/li>\n<\/ul>\n\t\n\t<ul>\n<li>Registro \u00fanico Tributario RUT\u00a0<em>(Expedido en los \u00faltimos 12 meses)<\/em><\/li>\n<li>C\u00e9dula de ciudadan\u00eda<\/li>\n<li>Certificaci\u00f3n bancaria<\/li>\n<li>Camara de comercio<\/li>\n<\/ul>\n\t\t\t\t<img loading=\"lazy\" src=\"https:\/\/eliteentretenimiento.com\/vende-en-elite\/wp-content\/uploads\/2021\/06\/elite-entretenimiento-logo-1622139384.jpg.png\" alt=\"elite-entretenimiento-logo-1622139384.jpg\" itemprop=\"image\" height=\"70\" width=\"70\" title=\"elite-entretenimiento-logo-1622139384.jpg\" onerror=\"this.style.display='none'\"  \/>\n<h2>\n\t\tReg\u00edstrate ahora y empieza a vender en Elite\n\t<\/h2>\n\t<div class=\"wpforms-container wpforms-container-full\" id=\"wpforms-36\"><form id=\"wpforms-form-36\" class=\"wpforms-validate wpforms-form\" data-formid=\"36\" method=\"post\" enctype=\"multipart\/form-data\" action=\"\/vende-en-elite\/index.php\/wp-json\/wp\/v2\/pages\/2\" data-token=\"1ce74e6443616c04c932cf701dd7c16d\"><noscript class=\"wpforms-error-noscript\">Please enable JavaScript in your browser to complete this form.<\/noscript><div class=\"wpforms-field-container\"><div id=\"wpforms-36-field_0-container\" class=\"wpforms-field wpforms-field-name\" data-field-id=\"0\"><label class=\"wpforms-field-label\" for=\"wpforms-36-field_0\">Nombre y Apellidos <span class=\"wpforms-required-label\">*<\/span><\/label><div class=\"wpforms-field-row wpforms-field-large\"><div class=\"wpforms-field-row-block wpforms-first wpforms-one-half\"><input type=\"text\" id=\"wpforms-36-field_0\" class=\"wpforms-field-name-first wpforms-field-required\" name=\"wpforms[fields][0][first]\" required><label for=\"wpforms-36-field_0\" class=\"wpforms-field-sublabel after wpforms-sublabel-hide\">First<\/label><\/div><div class=\"wpforms-field-row-block wpforms-one-half\"><input type=\"text\" id=\"wpforms-36-field_0-last\" class=\"wpforms-field-name-last wpforms-field-required\" name=\"wpforms[fields][0][last]\" required><label for=\"wpforms-36-field_0-last\" class=\"wpforms-field-sublabel after wpforms-sublabel-hide\">Last<\/label><\/div><\/div><\/div><div id=\"wpforms-36-field_3-container\" class=\"wpforms-field wpforms-field-text\" data-field-id=\"3\"><label class=\"wpforms-field-label\" for=\"wpforms-36-field_3\">Nombre de la empresa <span class=\"wpforms-required-label\">*<\/span><\/label><input type=\"text\" id=\"wpforms-36-field_3\" class=\"wpforms-field-large wpforms-field-required\" name=\"wpforms[fields][3]\" required><\/div><div id=\"wpforms-36-field_4-container\" class=\"wpforms-field wpforms-field-text\" data-field-id=\"4\"><label class=\"wpforms-field-label\" for=\"wpforms-36-field_4\">Producto o productos que deseas vender  <span class=\"wpforms-required-label\">*<\/span><\/label><input type=\"text\" id=\"wpforms-36-field_4\" class=\"wpforms-field-large wpforms-field-required\" name=\"wpforms[fields][4]\" required><\/div><div id=\"wpforms-36-field_5-container\" class=\"wpforms-field wpforms-field-text\" data-field-id=\"5\"><label class=\"wpforms-field-label\" for=\"wpforms-36-field_5\">N\u00famero de tel\u00e9fono <span class=\"wpforms-required-label\">*<\/span><\/label><input type=\"text\" id=\"wpforms-36-field_5\" class=\"wpforms-field-large wpforms-field-required\" name=\"wpforms[fields][5]\" required><\/div><div id=\"wpforms-36-field_1-container\" class=\"wpforms-field wpforms-field-email\" data-field-id=\"1\"><label class=\"wpforms-field-label\" for=\"wpforms-36-field_1\">Email <span class=\"wpforms-required-label\">*<\/span><\/label><input type=\"email\" id=\"wpforms-36-field_1\" class=\"wpforms-field-large wpforms-field-required\" name=\"wpforms[fields][1]\" required><\/div><\/div><div class=\"wpforms-submit-container\" ><input type=\"hidden\" name=\"wpforms[id]\" value=\"36\"><input type=\"hidden\" name=\"wpforms[author]\" value=\"1\"><button type=\"submit\" name=\"wpforms[submit]\" class=\"wpforms-submit \" id=\"wpforms-submit-36\" value=\"wpforms-submit\" aria-live=\"assertive\" data-alt-text=\"Sending...\" data-submit-text=\"Enviar informaci\u00f3n\">Enviar informaci\u00f3n<\/button><\/div><\/form><\/div>  <!-- .wpforms-container -->\t\n\t\n\n","protected":false},"excerpt":{"rendered":"<p>\u00bfPor qu\u00e9 vender en Elite? Respaldo de la reputaci\u00f3n y credibilidad de Elite Entretenimiento Manejo log\u00edstico, distribuci\u00f3n, despacho, pagos, servicio al cliente Marketing para tu empresa o producto, promoci\u00f3n en los banners de la p\u00e1gina y redes de Elite. Somos una vitrina para que m\u00e1s personas conozcan y compren tu producto Recibimos todos los medios&hellip;<\/p>\n","protected":false},"author":1,"featured_media":0,"parent":0,"menu_order":0,"comment_status":"closed","ping_status":"open","template":"","meta":{"om_disable_all_campaigns":false,"_monsterinsights_skip_tracking":false,"_monsterinsights_sitenote_active":false,"_monsterinsights_sitenote_note":"","_monsterinsights_sitenote_category":0},"_links":{"self":[{"href":"https:\/\/eliteentretenimiento.com\/vende-en-elite\/index.php\/wp-json\/wp\/v2\/pages\/2"}],"collection":[{"href":"https:\/\/eliteentretenimiento.com\/vende-en-elite\/index.php\/wp-json\/wp\/v2\/pages"}],"about":[{"href":"https:\/\/eliteentretenimiento.com\/vende-en-elite\/index.php\/wp-json\/wp\/v2\/types\/page"}],"author":[{"embeddable":true,"href":"https:\/\/eliteentretenimiento.com\/vende-en-elite\/index.php\/wp-json\/wp\/v2\/users\/1"}],"replies":[{"embeddable":true,"href":"https:\/\/eliteentretenimiento.com\/vende-en-elite\/index.php\/wp-json\/wp\/v2\/comments?post=2"}],"version-history":[{"count":27,"href":"https:\/\/eliteentretenimiento.com\/vende-en-elite\/index.php\/wp-json\/wp\/v2\/pages\/2\/revisions"}],"predecessor-version":[{"id":55,"href":"https:\/\/eliteentretenimiento.com\/vende-en-elite\/index.php\/wp-json\/wp\/v2\/pages\/2\/revisions\/55"}],"wp:attachment":[{"href":"https:\/\/eliteentretenimiento.com\/vende-en-elite\/index.php\/wp-json\/wp\/v2\/media?parent=2"}],"curies":[{"name":"wp","href":"https:\/\/api.w.org\/{rel}","templated":true}]}}